{"id":166,"date":"2025-09-14T15:56:46","date_gmt":"2025-09-14T15:56:46","guid":{"rendered":"https:\/\/palette-et-couleurs.com\/?page_id=166"},"modified":"2025-10-11T01:45:11","modified_gmt":"2025-10-11T01:45:11","slug":"a-propos","status":"publish","type":"page","link":"https:\/\/palette-et-couleurs.com\/?page_id=166","title":{"rendered":"A propos"},"content":{"rendered":"\n<div class=\"wp-block-group alignfull has-global-padding is-layout-constrained wp-container-core-group-is-layout-490fa1db wp-block-group-is-layout-constrained\" style=\"padding-top:var(--wp--preset--spacing--50);padding-right:var(--wp--preset--spacing--50);padding-bottom:var(--wp--preset--spacing--50);padding-left:var(--wp--preset--spacing--50)\">\n<div class=\"wp-block-group has-global-padding is-layout-constrained wp-container-core-group-is-layout-650790e1 wp-block-group-is-layout-constrained\">\n<figure class=\"wp-block-image size-full\"><img loading=\"lazy\" decoding=\"async\" width=\"33\" height=\"51\" src=\"https:\/\/palette-et-couleurs.com\/wp-content\/uploads\/2025\/09\/Capture-decran-du-2025-09-14-17-20-54-5.png\" alt=\"\" class=\"wp-image-170\"\/><\/figure>\n\n\n\n<h1 class=\"wp-block-heading has-text-align-center has-x-large-font-size\">Bonjour et bienvenue dans mon univers de travail.<\/h1>\n\n\n\n<div style=\"height:1.25rem\" aria-hidden=\"true\" class=\"wp-block-spacer\"><\/div>\n\n\n\n<p>Je vous propose un voyage \u00e0 travers quelques r\u00e9alisations&nbsp;: cubistes, figuratives, florales, industrielles \u2026 faites au pinceau, au doigt, au couteau, \u00e0 la raclette, avec des inspirations de ma\u00eetres en la mati\u00e8re ou tout simplement de ma propre inspiration. (peinture et feutres acryliques).<\/p>\n\n\n\n<p>Ces peintures sont \u00e0 vendre. Si l\u2019une ou l\u2019autre vous int\u00e9resse, n\u2019h\u00e9sitez pas \u00e0 me laisser un message.<\/p>\n\n\n\n<p>Je vous souhaite une tr\u00e8s bonne promenade au milieu des formes, des couleurs, des personnages et de prendre autant de plaisir que moi je peux en prendre en peignant.<\/p>\n\n\n\n<p class=\"has-text-align-center\">Marie<\/p>\n\n\n\n<div style=\"height:1.25rem\" aria-hidden=\"true\" class=\"wp-block-spacer\"><\/div>\n<\/div>\n\n\n\n<div style=\"height:var(--wp--preset--spacing--30)\" aria-hidden=\"true\" class=\"wp-block-spacer\"><\/div>\n<\/div>\n","protected":false},"excerpt":{"rendered":"<p>Bonjour et bienvenue dans mon univers de travail. Je vous propose un voyage \u00e0 travers quelques r\u00e9alisations&nbsp;: cubistes, figuratives, florales, industrielles \u2026 faites au pinceau, au doigt, au couteau, \u00e0 la raclette, avec des inspirations de ma\u00eetres en la mati\u00e8re ou tout simplement de ma propre inspiration. (peinture et feutres acryliques). Ces peintures sont \u00e0 [&hellip;]<\/p>\n","protected":false},"author":1,"featured_media":0,"parent":0,"menu_order":0,"comment_status":"closed","ping_status":"closed","template":"","meta":{"footnotes":""},"class_list":["post-166","page","type-page","status-publish","hentry"],"_links":{"self":[{"href":"https:\/\/palette-et-couleurs.com\/index.php?rest_route=\/wp\/v2\/pages\/166","targetHints":{"allow":["GET"]}}],"collection":[{"href":"https:\/\/palette-et-couleurs.com\/index.php?rest_route=\/wp\/v2\/pages"}],"about":[{"href":"https:\/\/palette-et-couleurs.com\/index.php?rest_route=\/wp\/v2\/types\/page"}],"author":[{"embeddable":true,"href":"https:\/\/palette-et-couleurs.com\/index.php?rest_route=\/wp\/v2\/users\/1"}],"replies":[{"embeddable":true,"href":"https:\/\/palette-et-couleurs.com\/index.php?rest_route=%2Fwp%2Fv2%2Fcomments&post=166"}],"version-history":[{"count":3,"href":"https:\/\/palette-et-couleurs.com\/index.php?rest_route=\/wp\/v2\/pages\/166\/revisions"}],"predecessor-version":[{"id":260,"href":"https:\/\/palette-et-couleurs.com\/index.php?rest_route=\/wp\/v2\/pages\/166\/revisions\/260"}],"wp:attachment":[{"href":"https:\/\/palette-et-couleurs.com\/index.php?rest_route=%2Fwp%2Fv2%2Fmedia&parent=166"}],"curies":[{"name":"wp","href":"https:\/\/api.w.org\/{rel}","templated":true}]}}